t common divisor of j and 84.
21
Let q(t) = t**3 + 7*t**2 + 8*t + 4. Let m be q(-6). Let d = 2 - m. Suppose -71 = -3*c + 259. What is the highest common factor of d and c?
10
Let i be ((-120)/7)/(1/(-7)). Let w(l) = -2*l**2 - 19*l + 6. Let v be w(-6). Calculate the highest common factor of i and v.
24
Let v = 16 + -2. Calculate the highest common divisor of v and 126.
14
Let m = -9 + 15. Suppose 20 = -0*s - 4*s - 5*g, -25 = 5*s + 4*g. Let z = 53 + s. What is the greatest common factor of z and m?
6
Suppose 0*g - 4*b - 9 = g, -13 = 3*g + 5*b. Let r be 30/(-7)*7/g. Let d(o) = -19*o - 1. Let l be d(-4). Calculate the highest common factor of l and r.
15
Let a be (15/(-9))/5*-3. Let g = 2 + 9. What is the highest common factor of g and a?
1
Let i be (19 - 2)*(14 - 1). What is the greatest common factor of i and 13?
13
Let w be ((-85)/(-15) + -6)*39/(-1). Calculate the highest common divisor of 299 and w.
13
Let z = -4 + 6. Let x(y) = 0*y**2 + 5*y**2 + 1 - 3*y**z + y. Let h be x(-3). What is the highest common factor of h and 24?
8
Let m(r) = r**3 + 6*r**2 + 10. Let k be m(-6). What is the greatest common factor of 2 and k?
2
Suppose 3*q + 0*q - 17 = -2*t, 0 = -4*q + 12. Suppose -6*z + t*z + 60 = 0. Calculate the highest common divisor of z and 10.
10
Suppose 124 = 10*d - 36. What is the greatest common factor of d and 4?
4
Suppose 5*i - 384 = i. Suppose -3 = 3*z, 4*z + 0*z = 3*v - 19. Suppose -w + x = -2 - 12, 3*w = v*x + 46. What is the highest common factor of w and i?
12
Suppose 33 = -4*s + i, -2*s + 5*i = 3*s + 30. Let m be 368/12 - (-6)/s. Calculate the highest common factor of m and 20.
10
Let i be -21*(40/(-15) - 1). Calculate the highest common divisor of 11 and i.
11
Let t be (0 - 1) + 73 + 4. Let q be (-12)/(3 + t/(-24)). Calculate the greatest common factor of 9 and q.
9
Suppose -3*d + 2*d - 2*a - 5 = 0, 0 = d + a. Let g = -259 - -178. Let q = -26 - g. What is the highest common factor of d and q?
5
Suppose 2*h - 7 = 5*j + 40, 5*h + 2*j - 74 = 0. What is the greatest common factor of 80 and h?
16
Let l(a) = -12*a + 1. Let i be l(-11). Suppose 0*z - i = -z. Calculate the highest common factor of z and 19.
19
Let p(a) = a**3 + 3*a**2 - 5*a + 1. Let m be p(-4). Let x = -85 + 110. Calculate the highest common factor of x and m.
5
Suppose -m - 624 = -5*m. Suppose 16 = -2*o + m. Calculate the highest common divisor of o and 14.
14
Suppose -4*p = -7*p + 30. Suppose -2*q + 3*k + 146 + 2 = 0, -5*q = -2*k - 392. What is the greatest common factor of q and p?
10
Let d = -6 + 7. Let y be 0*d/(2 + -3). Suppose 0 = 4*z + 2*k - 24, -2*k + y*k = -4*z + 32. What is the greatest common divisor of 28 and z?
7
Let r = 115 - 79. What is the highest common factor of 54 and r?
18
Let g = -12 + 13. What is the greatest common factor of g and 1?
1
Let g(u) = 4*u - 17. Let q be g(6). Calculate the greatest common divisor of q and 14.
7
Let h = 30 - -42. Let w be ((-3)/(-6))/((-2)/(-20)). Suppose w*i - 52 = 38. What is the greatest common factor of h and i?
18
Let t = 73 + -71. Calculate the highest common factor of t and 3.
1
Suppose -v + 0*s + 2*s + 14 = 0, 2*v + 3*s + 7 = 0. What is the greatest common factor of v and 1?
1
Suppose a = 9 + 3. What is the highest common divisor of a and 48?
12
Let j(h) be the third derivative of -7*h**4/24 + 4*h**3/3 + 6*h**2. Let r be j(-4). What is the highest common divisor of r and 12?
12
Let u(j) = -j + 10. Let m be u(7). Suppose 0 = m*k - 9. Suppose -2*z - 13 = -k*z. Calculate the highest common divisor of z and 91.
13
Suppose 5*v - 11 = -6. What is the greatest common factor of 3 and v?
1
Let m = 13 + -5. Suppose -c + 156 = 2*c. Suppose m = -4*h + 4*y + c, -2*y = 8. Calculate the greatest common factor of h and 56.
7
Let h = -12 + 16. Let a = h - -5. What is the greatest common divisor of 9 and a?
9
Let b(z) = -4*z + 6. Let p = -3 + -5. Let a be 140/(-16) - (-2)/p. Let n be b(a). Calculate the greatest common factor of n and 28.
14
Let r = -21 - -13. Let z = r + 12. Let x = z - -10. What is the greatest common factor of 154 and x?
14
Suppose 10 = -d + 33. What is the highest common divisor of d and 184?
23
Let v = 18 - 2. What is the greatest common divisor of v and 144?
16
Suppose -2*b - 235 = 3*b. Let r = 95 + b. Let c be 3 + 1 + (13 - 5). Calculate the greatest common divisor of r and c.
12
Let p be (-6)/(-33) - 835/55. Let d(o) = o**2 + 4*o - 22. Let x be d(p). Calculate the greatest common divisor of x and 13.
13
Let v(j) = j**2 + 6*j + 8. Let a be v(-6). Let t be ((-22)/3)/(2/(-24)). What is the highest common divisor of a and t?
8
Let x = -3 - -4. Let u be (x - -2)/((-4)/(-32)). Calculate the highest common factor of u and 24.
24
Let i(v) = v + 10. Let m be i(0). Let t be 4/10 - (-16)/m. Calculate the highest common factor of t and 2.
2
Suppose 2*s - 4*x + 6 - 24 = 0, x + 81 = 5*s. What is the highest common divisor of s and 68?
17
Let g(r) = 2*r**2 - r - 5. Let o be g(-2). Suppose -3*k + 0*k = -6. What is the greatest common factor of o and k?
1
Suppose -9 = 10*w - 129. What is the highest common factor of 12 and w?
12
Let d = 572 - 401. Suppose 117 = 4*v + p - 24, -5*v = 3*p - d. Calculate the highest common divisor of 12 and v.
12
Let p(v) = -v + 2. Suppose -3*h + 16 = h. Suppose h*i - 13 = -37. Let z be p(i). Calculate the highest common divisor of z and 16.
8
Let u(l) = l**3 + 5*l**2 - 8*l - 6. Let h be u(-6). Let f = -105 - -147. Calculate the greatest common factor of f and h.
6
Let j(q) = -q**3 - 9*q**2 - 10*q + 8. Let l be j(-8). Let u = -10 + l. What is the highest common divisor of 126 and u?
14
Suppose 2*i + 3*s - 12 = 1, 0 = 2*s + 10. Calculate the greatest common divisor of i and 154.
14
Let v be ((-32)/(-3))/(4/18). Let z = v - 28. Let l(b) = 51*b - 1. Let o be l(1). Calculate the greatest common divisor of z and o.
10
Let n be 2*15/2 + 0. Suppose 3*a - 26 = -u, 0*a + 3*u + 62 = 5*a. Calculate the highest common divisor of a and n.
5
Let v be ((-27)/6)/((-3)/4). Suppose 2*h + 3 = y - v, h + 4 = 0. Let u = -13 + 21. What is the greatest common divisor of u and y?
1
Suppose 4*p + 0*p - 29 = -q, -2*p - 2*q = -16. What is the highest common factor of 175 and p?
7
Suppose 0 = l - 2*l - 15. Let w be (24/10)/((-3)/l). Calculate the greatest common divisor of w and 60.
12
Suppose 4 = k - 0*k. Suppose 0 = w - 0*w - 2. What is the highest common factor of w and k?
2
Let s = -73 + 130. Let w = -457 - -495. Calculate the greatest common divisor of w and s.
19
Let m be -1*(-2 - 0)*10. Let p = -16 - -46. What is the highest common divisor of m and p?
10
Let o(f) = -f**3 - 9*f**2 - 6*f - 18. Let u be o(-9). Let x be 4/6 - (-102)/9. Calculate the greatest common factor of u and x.
12
Let q(i) = i**2 - 4*i - 6. Let j be q(8). Calculate the highest common divisor of j and 117.
13
Let n(q) = -q**3 + 4*q**2 + 8*q - 3. Let c be n(5). What is the greatest common factor of 96 and c?
12
Let l be -1 + 4 + (171 - -2). What is the greatest common factor of 16 and l?
16
Let m(o) = -o**3 + 4*o**2 - 4*o - 1. Let q be m(-4). Suppose -5*d + c - 5*c = -61, 3*d - 2*c - 41 = 0. What is the greatest common factor of d and q?
13
Let v be (-4)/(-3)*(-3 - -6). Suppose -y + v = 1. Let j be 23/y + 2/6. What is the highest common divisor of 40 and j?
8
Let r be 2/4*(-4 - 0). Let d = r - -7. Let k be 1/4 + (-7)/(-4). Calculate the highest common factor of d and k.
1
Let j be (-285)/76*96/(-2). Calculate the highest common divisor of j and 36.
36
Suppose -4*x - 407 + 76 = -3*h, 3*h + 3*x = 303. Calculate the highest common factor of 30 and h.
15
Suppose -5*g + 6 = 4*q, -4*g = 4*q - 2*q. Suppose -3*i = -4*x - q*i + 15, 3*i - 9 = 0. Calculate the greatest common factor of 1 and x.
1
Let c be (-56)/(-42)*18/4. Calculate the greatest common factor of 54 and c.
6
Suppose -2*z + 5*w - 12 = 0, -3*z - 3*w - w = -28. Suppose -y + 10 = z*y. Calculate the greatest common divisor of 8 and y.
2
Let n = -601 + 909. Let l be (28/(-8))/((-2)/16). Calculate the greatest common factor of n and l.
28
Let i = 11 - -7. Let y(c) = 5*c + 1. Let q be 1/2 - (-2)/4. Let w be y(q). Calculate the greatest common divisor of w and i.
6
Let w(o) = -3*o**3 - 2*o**2 - o. Let x be w(-1). What is the highest common divisor of 18 and x?
2
Let f be (-4 - 1)/((-1)/1). Suppose